t r be m(-3). Calculate the greatest common factor of 12 and r.
12
Let m(h) = -h**3 + 11*h**2 - 10*h. Suppose 44*y = 50*y - 54. Let l be m(y). What is the greatest common factor of l and 8?
8
Let d(l) = -l**2 - 14*l - 7. Let i be d(-13). What is the greatest common factor of 102 and i?
6
Let r = 201 + -58. Suppose -x - 3 = -5*w - 1, 0 = -5*w + 15. Calculate the greatest common factor of x and r.
13
Let h(q) = 16*q + 205. Let g be h(-11). What is the highest common factor of g and 3?
1
Let z = 860 - 805. What is the highest common factor of z and 77?
11
Suppose -33 = -2*y - 4*f + 15, 0 = 4*y + f - 110. Calculate the highest common divisor of y and 28.
28
Suppose -76 + 196 = 10*s. What is the greatest common divisor of s and 276?
12
Let n be ((-3 - -2)*-9)/(-1). Let q be 5/3*(48 - n). Let i be 6/(-21) + 135/7. Calculate the greatest common divisor of i and q.
19
Let v = -74 + 78. Suppose 1 = p - v, -p = -2*q + 7. Calculate the highest common divisor of q and 48.
6
Let n(r) be the third derivative of r**6/120 - 7*r**5/60 - 7*r**4/24 + 5*r**3/3 - 5*r**2. Let k be n(8). Calculate the greatest common divisor of k and 90.
18
Suppose -4*t = 12, -3*a + t - 1 = -16. Suppose 0 = -7*c + a*c + 4*x + 59, -4*c + 2*x = -72. Calculate the highest common divisor of c and 17.
17
Let k = 376 - -716. What is the greatest common factor of 14 and k?
14
Let s be ((-3)/(-4))/((-1)/(1 + -29)). Calculate the greatest common divisor of 168 and s.
21
Let a(u) = -7*u**2 - 39*u + 12. Let i(x) = -4*x**2 - 20*x + 6. Let o(c) = 3*a(c) - 5*i(c). Let j be o(-9). Calculate the highest common divisor of 26 and j.
26
Suppose 0 = w - 3, -5*w + 51 = 3*z - w. What is the highest common divisor of 533 and z?
13
Suppose -5*k - 5*l + 0*l = -40, l = -3. What is the greatest common factor of k and 22?
11
Suppose -28*v - r = -32*v + 93, v - 3*r = 15. Calculate the highest common factor of 384 and v.
24
Suppose -4*c - 4*g = -32, g = 4*c - g - 14. Suppose -c*q - 280 = 440. Let r be (11/(-22))/(2/q). Calculate the greatest common divisor of r and 12.
12
Suppose -34*w = -37*w + 18. Let j be (-1)/1 + 0 - -27. Let m = j - w. Calculate the highest common factor of 40 and m.
20
Suppose 3*h - 9 = 0, -75 = -q + 3*h + 81. Let c = -173 - -188. Calculate the greatest common divisor of q and c.
15
Suppose 0 = -34*w - 95 + 2815. Calculate the highest common divisor of w and 1360.
80
Let l(s) = -3*s + 26. Let a be l(8). Suppose 5*j = a*u, -4*j = 3*u + 4 - 27. Let m = 0 - -1. Calculate the greatest common factor of m and j.
1
Let t = 22 - 27. Let a be (-674)/t - (-14)/70. Calculate the greatest common factor of a and 15.
15
Suppose -581 = 23*p - 2053. What is the highest common divisor of p and 8?
8
Suppose -g + 288 = 3*u + 2*u, 129 = 2*u + 5*g. Suppose -4*p + u = -5*q, 3*p + p + q - 27 = 0. Let j = p - 3. Calculate the greatest common factor of 25 and j.
5
Let o = -287 + 391. Calculate the highest common divisor of 260 and o.
52
Let a be (15/15)/((-2)/(-8)). Suppose a*n - 98 = -3*n. Calculate the highest common divisor of n and 56.
14
Suppose -2*q + 445 = 109. Let w be 17/(-6) - 2/12. Let l(y) = -5*y + 6. Let s be l(w). Calculate the greatest common factor of q and s.
21
Let k(n) = -n**3 + 9*n**2 - 5*n - 4. Let q be k(7). Let h be (2 + 10/(-4))*328/(-4). Let v = q - h. Calculate the greatest common factor of v and 2.
2
Suppose -q + 5*p = -11, p = -q - 0*p + 5. Suppose q*c + 4*c - 160 = 0. Calculate the greatest common divisor of 16 and c.
16
Suppose 4*r = -5*t + 740, 3*t - 189 - 233 = 2*r. Calculate the highest common divisor of t and 32.
16
Suppose -2195 = -5*n + 1125. Suppose -4*f + n = -2*z, -2*f + 336 = -2*z - z. Suppose 3*d = f + 171. What is the highest common factor of d and 16?
16
Suppose 9*l = -7*l + 768. Calculate the highest common factor of 168 and l.
24
Let l(g) = -5*g**2 + 84*g + 25. Let b be l(17). Calculate the greatest common divisor of 116 and b.
4
Let k = 14 - 27. Let o(c) = -c**2 - 16*c - 14. Let u be o(k). Let l be 11400/(-399)*(-7)/2. Calculate the highest common factor of l and u.
25
Let i(t) = -13*t + 6. Let o be i(-7). Let c be 2/11 + o/11. Let x be 11/((-66)/(-342)) - -6. Calculate the greatest common divisor of x and c.
9
Suppose -5*r + 48 = -117. Let a be ((-2)/(-6))/(0 - (-5)/60). Suppose 4*b - 52 = -4*d, 0 = a*d - 7 - 1. What is the highest common factor of r and b?
11
Let v = -123 + 163. What is the greatest common divisor of v and 165?
5
Let h = -101 + 56. Let g = -44 - h. Suppose 2*z - 14 = -0*z. What is the greatest common factor of z and g?
1
Let c be -2 + (1 - -5) + 10. Calculate the greatest common divisor of c and 98.
14
Suppose 12*c + t - 95 = 0, 8*t - 3*t - 19 = -3*c. Let m(g) = -26*g. Let b be m(-4). What is the greatest common factor of b and c?
8
Suppose -2179*b + 2178*b = -855. Calculate the greatest common factor of b and 95.
95
Let r be (-1)/(1/(-3)) - 68/(-34). Calculate the greatest common divisor of 5 and r.
5
Let v(d) = d**2 + 10*d. Let n be v(-13). Suppose -5*z - 4*o = -65, -2*z - o = z - n. What is the greatest common divisor of 143 and z?
13
Suppose 4*m = 745 - 9. Calculate the highest common factor of 276 and m.
92
Let h = -17 - -59. Suppose -2*b - f + h = -3*f, 0 = f - 1. What is the highest common factor of 77 and b?
11
Suppose 23*a + 4*a - 540 = 0. What is the greatest common factor of a and 230?
10
Let v(d) = -2*d - 40. Let b be v(-22). Suppose b*x - 110 = -5*j, -3*j = 2*x - 37 - 17. What is the highest common factor of x and 75?
15
Let x(m) = 8*m - 4. Let o be x(8). Suppose -5*k + 126 = -414. Let h be k/(-30)*(-20)/3. What is the greatest common factor of h and o?
12
Let h = 3 + -3. Suppose 2*k = 4*n - 606, n - k = -h*k + 150. What is the greatest common divisor of 17 and n?
17
Let m(a) = a**2 + 12*a - 18. Let r be m(-15). Let d = 125 - r. What is the greatest common divisor of d and 147?
49
Let r be (6/18)/((-3)/81). Let l(i) = i**3 + 11*i**2 + 12*i + 2. Let v be l(r). Calculate the greatest common divisor of 8 and v.
8
Suppose 2*x + 5*r - 284 = 0, 0 = x + 2*r + r - 144. Suppose -7*u - 4 = -b - 5*u, 3*b - 20 = 4*u. Calculate the highest common divisor of b and x.
12
Suppose 3*f - 440 + 56 = 0. Calculate the highest common divisor of f and 64.
64
Let d be 141 - (-5 - (5 + -4)). Calculate the greatest common divisor of 84 and d.
21
Suppose -v - 2 = 3*s, s - 16 = 2*v + 3*s. Let j = v - -29. Calculate the highest common divisor of j and 54.
18
Suppose 0 = -l - 0*b - b + 9, b = 1. Let c be 1 + (-1)/((-4)/228). Suppose -2 + c = i. What is the highest common factor of i and l?
8
Let s(g) = -10*g + 5. Let a(m) = 10*m - 5. Let l be 78/15 + (-2)/10. Let o(b) = l*s(b) + 6*a(b). Let y be o(3). Calculate the greatest common factor of y and 5.
5
Let d(t) = -t**3 + 17*t**2 + 25*t - 1. Let x be d(18). Let j = x - 104. What is the highest common factor of 3 and j?
3
Let f(t) = -53*t - 6. Let d be f(-2). Let j = -30 + d. Calculate the highest common factor of j and 10.
10
Suppose 9*g = 4439 - 2. What is the greatest common divisor of 29 and g?
29
Let m be (-6)/(-4) - 3/(-2). Let t be 8*(-4 + m)*-2. Suppose 0*s = -2*s + t. What is the highest common divisor of 72 and s?
8
Let s(v) = 3*v + 19. Let m be s(-5). Let q be (m/18)/(3 - 26/9). Calculate the highest common divisor of 26 and q.
2
Suppose 3*o - 83 - 1 = 0. Let i(m) = m**2 + 4*m + 2. Let c be i(-5). Calculate the greatest common divisor of c and o.
7
Suppose 2*g - 44 = 2*j, 5*g - 3*j + 6*j = 78. Suppose 0 = -r - r - 8. Let p = g + r. What is the highest common divisor of p and 2?
2
Suppose 16*f = 12*f + 240. Calculate the highest common factor of 2340 and f.
60
Suppose -18*h + 17*h = -8. Suppose 4*t - 204 = -5*q, 3*q - q + h = 0. What is the greatest common factor of t and 168?
56
Let q be (-2)/((-9)/12*10/15). Suppose 0 = -6*c + 4*c + q. What is the highest common divisor of 14 and c?
2
Let j(y) = y**3 + 22*y**2 - 25*y - 10. Let l be j(-23). Calculate the greatest common divisor of l and 4.
4
Let o = -279 + 282. Let m be 1/(-2) + (-26)/(-4). What is the highest common divisor of m and o?
3
Let r be ((-2)/(-3))/(1/3). Suppose r*j + 0 = 182. Calculate the highest common divisor of j and 13.
13
Let h be 1539 - (1 - (-5 - (-16)/2)). Calculate the highest common divisor of 67 and h.
67
Suppose 5*h - 99 = -2*u,